 m = -x. What is the tens digit of u?
1
Suppose 14*l + 810 = 16*l. What is the units digit of l?
5
What is the hundreds digit of (-15366)/52*8/(-3)?
7
Suppose 5*u = 267 + 63. Let j(i) = -i**2 - i - 17. Let z be j(-6). Let q = u + z. What is the tens digit of q?
1
Let x be (-40)/(-6)*24/5. Let b = -9 + x. Suppose 77 = 2*u + b. What is the tens digit of u?
2
Let g be 2/2 - (-96 - 1). Suppose p = -p + g. Suppose -2*v = -p - 21. What is the tens digit of v?
3
Let u = -95 - 73. Let k = u - -287. What is the units digit of k?
9
What is the tens digit of (-5)/(-6) + 0 + (-2174148)/(-648)?
5
Let l(d) = -19*d**3 + 9*d**2 - d + 11. What is the tens digit of l(-5)?
1
Suppose 0 = -12*u + 13*u - 4. Suppose 3*x + 2 = u*x. Suppose -6*d + 63 = -x*d - 3*q, -4*q = -3*d + 49. What is the units digit of d?
5
Let a(o) = -18*o + 12. Let n = 52 - 57. What is the units digit of a(n)?
2
Let c(w) = -w - 1. Let b be c(-1). Suppose b = 6*d - 4*d - 24. What is the tens digit of (-44)/(-3) + (-8)/d?
1
Let g = -740 + 1012. What is the hundreds digit of g?
2
Let v(t) = 40*t**2 - 25*t + 159. What is the tens digit of v(12)?
1
Let x(n) = -1781*n**3 - 3*n**2 - 2*n. What is the hundreds digit of x(-1)?
7
Suppose 0 = v - 5*t - 125, 0 = -v - t + 233 - 96. Suppose 135 = 5*h + 4*k, -3*k = 3*h + 2*h - v. What is the tens digit of h?
2
Let l(p) = -p**3 + p**2 + 3*p - 2. Let w be l(2). Suppose w = -v + 67 - 28. What is the units digit of v?
9
Suppose -6 + 2 = -2*i. What is the tens digit of 61 - 1*(-3 + i)?
6
Let k = -218 - -37. Let x = 268 + k. What is the units digit of x?
7
What is the thousands digit of (-7)/(77/(-15028)) + (-24)/132?
1
Suppose 6435 - 915 = 3*p. What is the units digit of p?
0
Let p(r) = -15 + 3 + 12*r + 12. What is the units digit of p(7)?
4
Let p = -394 - -1178. Suppose -3*q - 181 + p = 0. What is the hundreds digit of q?
2
Suppose -201 = -5*w - k, -5*w + 8*k + 195 = 3*k. Suppose -i = 3*i + w. What is the units digit of 88/i*5/(-2)?
2
Let k be (46/(-24) - 14/(-56))*-249. Suppose 2*x = -73 + k. What is the hundreds digit of x?
1
Let i be ((-2)/4)/(11/(-352)). Let r(l) = l**2 - l + 2. Let j be r(2). Let m = j + i. What is the tens digit of m?
2
Let t(r) = -6*r**3 - 15*r**2 - 67*r + 1. Let n(d) = -5*d**3 - 16*d**2 - 66*d + 2. Let q(m) = -7*n(m) + 6*t(m). What is the hundreds digit of q(24)?
2
Let t = -16002 + 22487. What is the tens digit of t?
8
Let q(v) = v**3 + 11*v**2 - 11*v - 17. Let x be q(-11). Suppose -6*h - x = -10*h. What is the units digit of h?
6
Let r(o) = o - 11. Let d be r(11). Suppose 3*m = -q, 0 = 2*m - d*q - q + 5. What is the tens digit of m/((-1)/82*2)?
4
Suppose 40*r - 15708 - 32172 = 0. What is the units digit of r?
7
Let i(d) = -d**3 - 4*d**2 + 10*d + 12. Let t = -28 - -20. What is the tens digit of i(t)?
8
Let n(b) = b**3 + b**2 + b + 1. Let o be n(-1). Let g = -1 + o. Let w(m) = 36*m**2 + m + 1. What is the tens digit of w(g)?
3
Let h(p) = 61 - 44 - 13*p + 17*p. What is the units digit of h(0)?
7
Let w = 311 + -90. Let a be (-40)/(-50) + w/5. Suppose n = 4*n - 3*k - 15, 0 = -2*n - 5*k + a. What is the units digit of n?
0
Let p = -218 + 554. Suppose 22*a + p = 26*a. What is the units digit of a?
4
What is the thousands digit of (-148)/(-10)*(-960)/(-12)?
1
Let o(s) = -33*s + 6. Let j(h) = -65*h + 11. Let t(a) = -3*j(a) + 5*o(a). What is the units digit of t(3)?
7
Let i(g) be the first derivative of g**4/4 - 5*g**3 - g**2 + 12*g - 8. Let s be i(14). What is the tens digit of (-1)/(4 + s/52)?
1
Suppose 14 = 5*n - 1. Suppose 3*y + n*y - 150 = 0. What is the tens digit of y?
2
Suppose 27*p - 71*p + 13860 = 0. What is the tens digit of p?
1
Let w(m) = 2*m + 63. Let b be w(-27). Suppose 6*a + 132 = b*a. What is the units digit of a?
4
Let t(k) = -k**2 + 3*k + 2. Let o be t(0). What is the units digit of 1/((14/(-6) + o)/(-42))?
6
Suppose 10*b - 7*b - 6 = 0, -5*b + 2338 = 4*c. What is the units digit of c?
2
Let i be -3*(-5)/(-15) - 49. Let b = i - -90. What is the tens digit of b?
4
Suppose -5*q - 2 = 28. Let h(j) = -j**2 - 9*j - 14. Let l be h(q). Suppose -l*v - 4*b + 8 = 0, 3*v - 4*b = 8*v - 14. What is the units digit of v?
6
Suppose -15419 - 971 = -22*c. What is the units digit of c?
5
Suppose -p - 50 = -6*s + s, 2*s - 4*p = 2. Suppose s - 3 = -2*r. What is the tens digit of (r/(-3))/((-18)/(-216))?
1
Let f(n) be the first derivative of -3*n**4/4 - 2*n**3/3 - n**2 - n - 2. Let m be f(-1). What is the units digit of 3 + 0*(m + -3)?
3
Let o = -20 + 23. What is the units digit of 9*(78/9 + o)?
5
What is the hundreds digit of 291/((-23)/46*(-6)/4)?
3
Let m = -32 - -95. What is the tens digit of m?
6
Let x = 2 + -2. Suppose x*a = -3*m - a + 48, -5*m + 76 = 3*a. Suppose -m = -s - 0. What is the units digit of s?
7
Let k = -104 + 54. Let w = 132 + k. What is the tens digit of w?
8
Suppose -4*s - 22 = 5*x, 0 = s - 3*x + 5*x + 7. Let m be 261/6*(-4)/s. Suppose -m = -2*v + 14. What is the tens digit of v?
3
Suppose -4*y + 4*l = l - 4, 2*y - 2*l = 0. Suppose -y*m + 34 + 3 = 5*s, -2*m = 2*s - 16. Suppose -5 = -g - 2*k, 5*g = 4*k - 0 - m. What is the units digit of g?
1
Let h = -140 + 138. Let m(x) be the third derivative of -x**4/3 + x**3/6 - x**2. What is the tens digit of m(h)?
1
Let m(i) = 6*i**2 - 3*i + 4. Let z be m(1). Let b(v) = -v**2 - 4*v + 1. Let q be b(-4). What is the units digit of 52/(-8)*(q - z)?
9
Suppose -8 = -5*h - q - 55, 3*h + q + 29 = 0. Let t(w) = -w**2 - 6*w + 9. Let i be t(h). What is the tens digit of (6/(-4))/(i/228)?
1
Let c = -537 + 1278. What is the hundreds digit of c?
7
Let s(m) = -2*m**2 + 17*m + 3. Suppose 5*l = 3*k + 43, -6 = -4*l + 3*k + 29. What is the units digit of s(l)?
1
What is the tens digit of ((-1740)/(-3) - 4) + 1/(-1)?
7
Let k = -164 + 1844. What is the hundreds digit of k?
6
Suppose -38*m + 13132 = -35*m - 4*r, 2*m - 3*r = 8755. What is the tens digit of m?
7
Suppose -755 = -5*x + 630. Let u = x - 190. What is the tens digit of u?
8
Let p be -5*9/15*-1. Let k(g) = 6*g**2 - 2*g - 7. Let j be k(p). Suppose n - j = 6. What is the units digit of n?
7
Let m = -21 + 102. Suppose -3*s = -o + 168, 0 = -5*o - 3*s - 2*s + 820. Suppose 6*c - m - o = 0. What is the tens digit of c?
4
Let i(q) = q**2 + 12*q - 12*q. Let w(z) = -5*z**2 + 12*z - 5. Let r(o) = 4*i(o) + w(o). What is the tens digit of r(8)?
2
Suppose 46*b + 664 = 42524. What is the units digit of b?
0
Let s be 1 + 1/((-3)/33). Let o(r) = -4*r**2 + 17*r - 15. Let a(k) = -3*k**2 + 16*k - 14. Let n(z) = -5*a(z) + 4*o(z). What is the units digit of n(s)?
0
Suppose 3*p + p = 4. Let b(u) = 7*u**2 + 16 - 4 + 2*u**2 - 13. What is the units digit of b(p)?
8
Suppose 1788 + 210 = 18*n. Let v(y) = 27*y + 2. Let o be v(2). Let u = n - o. What is the units digit of u?
5
Suppose 0*d + 2*d - 44 = 0. Suppose -2 - 1 = 3*r. Let j = d - r. What is the units digit of j?
3
What is the hundreds digit of 23/((-184)/(-96)) + 4651?
6
Suppose 0 = -5*w - 2*g + 40, w = 2*w - g - 8. Let i be -3 + 10 + w/4. Suppose z - 11 = -5*h, -2*z = 3*h + 1 - i. What is the units digit of h?
2
Let t = 108 + 935. What is the thousands digit of t?
1
Let a(o) be the first derivative of -33*o**2/2 + 8*o + 6. What is the tens digit of a(-3)?
0
Let b = -165 + 3305. What is the units digit of b?
0
Let o = -106 + 176. Suppose 132 = 2*v + 4*q, v - 3*q - o = -6*q. What is the units digit of v?
8
Let w be (-11)/(-4) - (-1 + (-9)/(-12)). What is the hundreds digit of (150/2)/((-3)/(-12)*w)?
1
What is the tens digit of (-8 + 2550/18)/((-3)/(-9))?
0
Let q = -4771 + 6845. What is the hundreds digit of q?
0
Let t = -20 + 24. Suppose -t*n + 45 = 5. What is the tens digit of n?
1
Let j(v) = -v**3 - 13*v**2 - 9*v + 5. What is the hundreds digit of j(-16)?
9
What is the thousands digit of (-5 + 102/18)*(5 + 5902)?
3
Let k(z) = z**3 + 11*z**2 + 18*z + 3. Let s(v) = -3*v + 39. Let a be s(16). What is the units digit of k(a)?
3
Let b(y) = y**2 + 4*y + 4. Let u be b(-2). Suppose u = 2*g - g. Suppose -2*v + 11 = -3*n - 26, g = -n + 5. What is the units digit of v?
6
Let o = 963 - 682. Suppose 4*l - 56 = -s, 3*s + s - 3*l = o. What is the tens digit of s?
6
Suppose 0*p = 3*c - 5*p - 12, 15 = 2*c - p. Let t = c + -8. What is the units digit of 2 - (1*-4 + t)?
5
Let v(t) = t**3 + 5*t**2 + 4*t + 5. Let x be v(-4). Let l = x + 1